s of 3669751.
3669751
List the prime factors of 2838660.
2, 3, 5, 11, 17, 23
What are the prime factors of 105669?
3, 59, 199
What are the prime factors of 29865?
3, 5, 11, 181
What are the prime factors of 1303937?
557, 2341
List the prime factors of 3590110.
2, 5, 31, 37, 313
List the prime factors of 790022.
2, 101, 3911
What are the prime factors of 325802?
2, 162901
List the prime factors of 8747021.
1009, 8669
What are the prime factors of 8182859?
8182859
List the prime factors of 1763221.
431, 4091
List the prime factors of 27603415.
5, 7, 61, 1847
What are the prime factors of 449927?
71, 6337
What are the prime factors of 9274523?
53, 174991
List the prime factors of 2701728.
2, 3, 53, 59
What are the prime factors of 5235542?
2, 13, 59, 3413
List the prime factors of 72116.
2, 11, 149
List the prime factors of 4237819.
23, 8011
List the prime factors of 668394.
2, 3, 71, 523
What are the prime factors of 82452?
2, 3, 6871
List the prime factors of 216405.
3, 5, 7, 229
What are the prime factors of 369276?
2, 3, 30773
What are the prime factors of 2020696?
2, 229, 1103
List the prime factors of 65675.
5, 37, 71
List the prime factors of 244864.
2, 1913
What are the prime factors of 1258561?
17, 101, 733
What are the prime factors of 6928064?
2, 11, 13, 757
What are the prime factors of 6625091?
11, 19, 31699
What are the prime factors of 389677?
47, 8291
What are the prime factors of 755415?
3, 5, 16787
What are the prime factors of 190149?
3, 241, 263
What are the prime factors of 106729?
7, 79, 193
List the prime factors of 8234510.
2, 5, 823451
What are the prime factors of 376669?
17, 22157
List the prime factors of 1100067.
3, 23, 107, 149
List the prime factors of 1101535.
5, 220307
List the prime factors of 2762203.
59, 46817
List the prime factors of 3552940.
2, 5, 177647
What are the prime factors of 4008364?
2, 1002091
List the prime factors of 3637370.
2, 5, 11, 43, 769
What are the prime factors of 270088?
2, 7, 13, 53
What are the prime factors of 7794318?
2, 3, 7, 151, 1229
List the prime factors of 2412908.
2, 603227
What are the prime factors of 973564?
2, 243391
What are the prime factors of 96716?
2, 24179
What are the prime factors of 137815?
5, 43, 641
List the prime factors of 2038102.
2, 11, 92641
What are the prime factors of 113912?
2, 29, 491
What are the prime factors of 469567?
7, 37
List the prime factors of 466601.
23, 20287
What are the prime factors of 6730592?
2, 11, 19121
What are the prime factors of 969334?
2, 211, 2297
What are the prime factors of 884552?
2, 110569
List the prime factors of 304471.
29, 10499
What are the prime factors of 12533926?
2, 6266963
What are the prime factors of 210372?
2, 3, 47, 373
List the prime factors of 259451.
259451
List the prime factors of 937945.
5, 109, 1721
List the prime factors of 22841.
7, 13, 251
What are the prime factors of 817940?
2, 5, 40897
List the prime factors of 197730.
2, 3, 5, 13
What are the prime factors of 1866957?
3, 17, 36607
What are the prime factors of 1258039?
1258039
What are the prime factors of 147135?
3, 5, 17, 577
What are the prime factors of 15063?
3, 5021
What are the prime factors of 35358?
2, 3, 71, 83
What are the prime factors of 3449265?
3, 5, 227, 1013
What are the prime factors of 717132?
2, 3, 13, 4597
List the prime factors of 675604.
2, 168901
List the prime factors of 377619.
3, 11, 11443
List the prime factors of 4511029.
4511029
List the prime factors of 3181004.
2, 795251
List the prime factors of 1557886.
2, 11, 19, 3727
List the prime factors of 3531115.
5, 7, 233, 433
List the prime factors of 896322.
2, 3, 7, 21341
List the prime factors of 354606.
2, 3, 7, 8443
List the prime factors of 84938.
2, 7, 6067
What are the prime factors of 1092377?
11, 13, 7639
What are the prime factors of 8192405?
5, 13, 126037
List the prime factors of 11396283.
3, 613, 6197
List the prime factors of 109049.
109049
List the prime factors of 1689155.
5, 13, 1999
List the prime factors of 1151352.
2, 3, 15991
What are the prime factors of 8880243?
3, 461, 6421
What are the prime factors of 6587446?
2, 739, 4457
List the prime factors of 18055522.
2, 149, 60589
List the prime factors of 1432721.
919, 1559
What are the prime factors of 38613?
3, 61, 211
List the prime factors of 6812988.
2, 3, 7, 13, 17, 367
List the prime factors of 83703.
3, 27901
List the prime factors of 905815.
5, 29, 6247
List the prime factors of 280441.
7, 40063
What are the prime factors of 4237647?
3, 37, 38177
What are the prime factors of 4345751?
4345751
What are the prime factors of 12883377?
3, 13, 25411
What are the prime factors of 2472048?
2, 3, 17167
List the prime factors of 7953259.
59, 163, 827
What are the prime factors of 979999?
17, 3391
What are the prime factors of 2674528?
2, 83579
What are the prime factors of 12970955?
5, 53, 48947
What are the prime factors of 10507663?
2393, 4391
What are the prime factors of 3451178?
2, 107, 16127
What are the prime factors of 712204?
2, 263, 677
What are the prime factors of 725337?
3, 83, 971
List the prime factors of 99944.
2, 13, 31
List the prime factors of 973005.
3, 5, 11, 5897
What are the prime factors of 17634050?
2, 5, 7, 50383
What are the prime factors of 856359?
3, 7, 23, 197
List the prime factors of 863052.
2, 3, 23, 53, 59
What are the prime factors of 178667?
373, 479
What are the prime factors of 205066?
2, 102533
What are the prime factors of 584378?
2, 37, 53, 149
List the prime factors of 21907194.
2, 3, 257, 14207
List the prime factors of 114967.
114967
What are the prime factors of 973395?
3, 5, 97, 223
What are the prime factors of 3195302?
2, 11, 61, 2381
What are the prime factors of 73646?
2, 23, 1601
What are the prime factors of 3171874?
2, 1585937
List the prime factors of 54344.
2, 6793
What are the prime factors of 77994?
2, 3, 7, 619
List the prime factors of 549663.
3, 53, 3457
What are the prime factors of 16491578?
2, 8245789
What are the prime factors of 2212500?
2, 3, 5, 59
What are the prime factors of 695971?
29, 103, 233
List the prime factors of 8684.
2, 13, 167
List the prime factors of 8616719.
8616719
List the prime factors of 4420661.
7, 41, 73, 211
What are the prime factors of 125618?
2, 107, 587
List the prime factors of 8754856.
2, 11, 99487
List the prime factors of 5083299.
3, 13, 23, 1889
What are the prime factors of 506323?
31, 16333
What are the prime factors of 141597?
3, 15733
What are the prime factors of 1332361?
1332361
List the prime factors of 397285.
5, 7, 11351
What are the prime factors of 2922417?
3, 29, 11197
List the prime factors of 212312.
2, 26539
What are the prime factors of 1844776?
2, 230597
What are the prime factors of 18332965?
5, 7, 53, 9883
What are the prime factors of 745877?
11, 67807
List the prime factors of 19437152.
2, 7, 19, 4567
What are the prime factors of 397961?
167, 2383
List the prime factors of 570390.
2, 3, 5, 19013
List the prime factors of 506464.
2, 7, 17, 19
What are the prime factors of 1091637?
3, 13477
What are the prime factors of 276364?
2, 11, 571
List the prime factors of 1416421.
31, 45691
What are the prime factors of 4674120?
2, 3, 5, 11, 3541
What are the prime factors of 7694044?
2, 509, 3779
List the prime factors of 3441767.
7, 53, 9277
List the prime factors of 67682.
2, 43, 787
List the prime factors of 13819723.
13819723
What are the prime factors of 233304?
2, 3, 9721
What are the prime factors of 147925?
5, 61, 97
List the prime factors of 1337080.
2, 5, 33427
What are the prime factors of 2065934?
2, 13, 181, 439
List the prime factors of 2491499.
2491499
What are the prime factors of 4167487?
71, 79, 743
List the prime factors of 366684.
2, 3, 30557
What are the prime factors of 30823751?
7, 4403393
List the prime factors of 312037.
11, 19, 1493
List the prime factors of 251481.
3, 17, 4931
What are the prime factors of 14571587?
233, 62539
What are the prime factors of 1605703?
11, 61, 2393
List the prime factors of 1201080.
2, 3, 5, 10009
List the prime factors of 92970.
2, 3, 5, 1033
What are the prime factors of 11025562?
2, 5512781
List the prime factors of 376877.
103, 3659
List the prime factors of 5332052.
2, 11, 179, 677
What are the prime factors of 1657110?
2, 3